13
List the prime factors of 12910266.
2, 3, 79693
What are the prime factors of 950987407?
950987407
What are the prime factors of 309808461?
3, 2591, 39857
List the prime factors of 652409530.
2, 5, 37, 1763269
What are the prime factors of 3776505471?
3, 2677, 52249
What are the prime factors of 3660355877?
3660355877
List the prime factors of 77342530.
2, 5, 379, 20407
What are the prime factors of 125456698?
2, 1151, 54499
What are the prime factors of 237640547?
149, 1594903
List the prime factors of 673089704.
2, 7, 17, 707027
What are the prime factors of 657180595?
5, 41, 3205759
List the prime factors of 251042093.
12953, 19381
List the prime factors of 40293730.
2, 5, 4029373
What are the prime factors of 136297461?
3, 523, 86869
List the prime factors of 4908317148.
2, 3, 7, 721387
What are the prime factors of 141297573?
3, 67, 113, 6221
What are the prime factors of 1311269429?
17903, 73243
What are the prime factors of 47942396?
2, 19, 23, 27427
List the prime factors of 5830473085.
5, 17, 3187, 21523
What are the prime factors of 467369166?
2, 3, 11, 7081351
What are the prime factors of 971477188?
2, 11, 191, 115597
What are the prime factors of 530358248?
2, 7, 17, 19, 109, 269
List the prime factors of 6977506.
2, 3488753
List the prime factors of 179217170.
2, 5, 11, 131, 12437
What are the prime factors of 4068256787?
7, 1831, 317411
List the prime factors of 13333516.
2, 7, 19, 71, 353
What are the prime factors of 100326215?
5, 11, 1824113
List the prime factors of 597273498.
2, 3, 33181861
What are the prime factors of 1246515?
3, 5, 83101
What are the prime factors of 1512618965?
5, 11, 13, 1069, 1979
What are the prime factors of 823662713?
197, 991, 4219
What are the prime factors of 259008147?
3, 28778683
What are the prime factors of 1617409185?
3, 5, 7, 59, 131, 1993
List the prime factors of 156469754.
2, 7, 11176411
List the prime factors of 162452145.
3, 5, 89, 121687
What are the prime factors of 30765224?
2, 7, 549379
List the prime factors of 1481301025.
5, 59252041
What are the prime factors of 4848991052?
2, 29, 283, 147709
What are the prime factors of 533294066?
2, 266647033
List the prime factors of 4046720372.
2, 23, 229, 401, 479
List the prime factors of 1136977592.
2, 1567, 90697
What are the prime factors of 3031276876?
2, 233, 3252443
What are the prime factors of 514650763?
11, 46786433
List the prime factors of 127331239.
7, 157, 115861
What are the prime factors of 211190431?
431, 490001
List the prime factors of 2485728167.
13, 1613, 118543
What are the prime factors of 167250122?
2, 13, 19, 338563
What are the prime factors of 8016584?
2, 1002073
List the prime factors of 143265371.
823, 174077
What are the prime factors of 256709845?
5, 7, 7334567
What are the prime factors of 38068894?
2, 19, 52727
What are the prime factors of 175523174?
2, 53, 157, 199
List the prime factors of 84277533.
3, 47, 659, 907
List the prime factors of 37264495.
5, 2729, 2731
List the prime factors of 8494998771.
3, 7, 2549, 158699
What are the prime factors of 816361716?
2, 3, 29, 2345867
What are the prime factors of 594004051?
31, 19161421
What are the prime factors of 163148772?
2, 3, 127, 107053
What are the prime factors of 655762061?
5519, 118819
List the prime factors of 24908054.
2, 67, 151, 1231
What are the prime factors of 636172022?
2, 19, 1193, 14033
What are the prime factors of 67940163?
3, 7548907
List the prime factors of 289967309.
11863, 24443
List the prime factors of 1861639315.
5, 17, 21901639
List the prime factors of 3064343023.
7, 311, 1407599
What are the prime factors of 109367135?
5, 19, 1151233
What are the prime factors of 4671907?
43, 108649
What are the prime factors of 101876770?
2, 5, 10187677
List the prime factors of 9378991.
47, 431, 463
List the prime factors of 1937318602.
2, 5867, 165103
List the prime factors of 14108381.
7, 241, 8363
List the prime factors of 36833575.
5, 1473343
What are the prime factors of 466550106?
2, 3, 11, 47, 113
List the prime factors of 61915161.
3, 7, 11, 109, 2459
List the prime factors of 6237585.
3, 5, 97, 1429
List the prime factors of 342600620.
2, 5, 353, 48527
List the prime factors of 62710306.
2, 97, 323249
List the prime factors of 129619609.
7, 53, 349379
What are the prime factors of 42962602?
2, 21481301
What are the prime factors of 29046856?
2, 3630857
List the prime factors of 2303208955.
5, 460641791
What are the prime factors of 254337280?
2, 5, 198701
List the prime factors of 2602759751.
1409, 1847239
What are the prime factors of 106057814?
2, 29, 1828583
What are the prime factors of 5780582780?
2, 5, 7, 257, 347, 463
What are the prime factors of 2804416721?
1789, 1567589
List the prime factors of 1937577941.
13, 17, 8767321
List the prime factors of 27149292.
2, 3, 23, 32789
List the prime factors of 123734881.
139, 839, 1061
What are the prime factors of 4184606839?
7, 597800977
What are the prime factors of 709186818?
2, 3, 19, 6220937
What are the prime factors of 869521831?
17, 23, 2223841
What are the prime factors of 836860631?
11251, 74381
List the prime factors of 6333166471.
53, 119493707
List the prime factors of 1549921023.
3, 7, 2213, 11117
List the prime factors of 64030976.
2, 17, 14713
What are the prime factors of 235673842?
2, 31, 691, 5501
List the prime factors of 128544542.
2, 7, 463, 2833
List the prime factors of 518655296.
2, 31, 197, 1327
List the prime factors of 284306414.
2, 7, 937, 21673
List the prime factors of 875447863.
875447863
What are the prime factors of 392362551?
3, 7, 53, 16787
List the prime factors of 68491508.
2, 983, 17419
List the prime factors of 1598931113.
13, 31, 3967571
What are the prime factors of 431607124?
2, 13, 8300137
What are the prime factors of 129523783?
43, 3012181
List the prime factors of 42572553.
3, 47, 301933
What are the prime factors of 827841?
3, 7, 79, 499
What are the prime factors of 26357421?
3, 359, 24473
What are the prime factors of 267449199?
3, 487, 183059
List the prime factors of 4313034424.
2, 53, 1901, 5351
List the prime factors of 409865403.
3, 11161, 12241
What are the prime factors of 12349634?
2, 11, 561347
What are the prime factors of 1911834984?
2, 3, 2851, 27941
What are the prime factors of 535768730?
2, 5, 7, 41, 186679
What are the prime factors of 2411375308?
2, 602843827
List the prime factors of 340226428.
2, 73, 167, 6977
List the prime factors of 225287290.
2, 5, 457, 49297
List the prime factors of 4148164888.
2, 7, 1531, 48383
What are the prime factors of 853260765?
3, 5, 7, 29, 40031
List the prime factors of 58525841.
11, 467, 11393
What are the prime factors of 48295740?
2, 3, 5, 804929
What are the prime factors of 531431976?
2, 3, 19, 1165421
What are the prime factors of 799503778?
2, 17, 137, 171641
List the prime factors of 480223195.
5, 19, 53, 127, 751
What are the prime factors of 778456406?
2, 7, 13, 127, 33679
What are the prime factors of 310797605?
5, 47, 1322543
What are the prime factors of 48564200?
2, 5, 43, 5647
List the prime factors of 4134604101.
3, 1378201367
List the prime factors of 682754216.
2, 823, 103699
What are the prime factors of 11406123?
3, 383, 1103
What are the prime factors of 137768416?
2, 79, 54497
What are the prime factors of 482165454?
2, 3, 103, 229, 3407
What are the prime factors of 88810817?
88810817
What are the prime factors of 15122731?
13, 181, 6427
List the prime factors of 7277848173.
3, 7673, 105389
List the prime factors of 912724401.
3, 179, 463, 3671
List the prime factors of 78399408.
2, 3, 1633321
List the prime factors of 2820836162.
2, 41, 953, 36097
What are the prime factors of 844001978?
2, 61, 197, 35117
What are the prime factors of 260984529?
3, 13, 251, 8887
List the prime factors of 134055433.
134055433
What are the prime factors of 88238887?
11, 409, 1783
What are the prime factors of 474013123?
43, 2179, 5059
List the prime factors of 3924607991.
89, 44096719
What are the prime factors of 2153782550?
2, 5, 1193, 36107
List the prime factors of 239230640.
2, 5, 11, 271853
List the prime factors of 39765522.
2, 3, 6627587
List the prime factors of 26152453.
2789, 9377
What are the prime factors of 4177933929?
3, 13, 35708837
What are the prime 